eatest common factor of 60 and 645.
15
Calculate the highest common factor of 583 and 159.
53
Calculate the highest common factor of 27 and 288.
9
What is the highest common factor of 10824 and 66?
66
Calculate the highest common divisor of 187 and 814.
11
What is the greatest common factor of 6 and 17268?
6
Calculate the greatest common divisor of 12 and 114.
6
Calculate the highest common divisor of 13 and 40781.
13
Calculate the greatest common divisor of 25 and 45.
5
Calculate the greatest common divisor of 122 and 183.
61
Calculate the highest common divisor of 2201 and 213.
71
What is the highest common divisor of 459 and 425?
17
What is the highest common divisor of 180 and 7440?
60
Calculate the highest common factor of 11 and 1199.
11
Calculate the greatest common divisor of 80 and 2000.
80
What is the greatest common factor of 19113 and 138?
69
What is the highest common divisor of 56 and 8?
8
Calculate the highest common divisor of 72 and 54.
18
Calculate the greatest common factor of 188 and 23500.
188
Calculate the greatest common factor of 10 and 300.
10
What is the greatest common factor of 60 and 1020?
60
Calculate the greatest common divisor of 156 and 1950.
78
What is the highest common divisor of 38 and 798?
38
Calculate the greatest common divisor of 63 and 144.
9
What is the greatest common factor of 2431 and 1105?
221
What is the highest common divisor of 1392 and 24?
24
Calculate the greatest common divisor of 14 and 58.
2
What is the greatest common factor of 316 and 11218?
158
What is the greatest common divisor of 1215 and 15?
15
What is the greatest common factor of 16 and 72?
8
Calculate the highest common factor of 648 and 243.
81
What is the greatest common divisor of 16 and 1008?
16
Calculate the highest common factor of 100 and 560.
20
What is the highest common factor of 72 and 252?
36
Calculate the highest common factor of 81425 and 25.
25
Calculate the highest common factor of 666 and 3885.
111
What is the greatest common divisor of 94 and 1457?
47
Calculate the highest common divisor of 74 and 3182.
74
Calculate the highest common factor of 30 and 18.
6
Calculate the highest common factor of 6 and 20.
2
Calculate the highest common divisor of 4 and 16.
4
What is the greatest common divisor of 40 and 4040?
40
Calculate the greatest common factor of 26 and 91.
13
What is the highest common divisor of 34 and 2329?
17
What is the greatest common divisor of 6 and 6?
6
Calculate the highest common divisor of 3465 and 189.
63
Calculate the highest common divisor of 1274 and 14.
14
Calculate the highest common factor of 224 and 812.
28
Calculate the highest common divisor of 210 and 570.
30
What is the highest common factor of 67 and 1072?
67
Calculate the greatest common divisor of 1788 and 12.
12
What is the highest common factor of 567 and 324?
81
What is the greatest common divisor of 28 and 100?
4
Calculate the greatest common factor of 5 and 185.
5
Calculate the highest common divisor of 27 and 1647.
27
What is the greatest common factor of 837 and 135?
27
Calculate the highest common factor of 1763 and 164.
41
What is the highest common factor of 34 and 1411?
17
What is the highest common factor of 2 and 14?
2
What is the greatest common factor of 32 and 7136?
32
What is the highest common factor of 17 and 833?
17
What is the greatest common divisor of 3999 and 124?
31
Calculate the greatest common divisor of 90 and 1755.
45
Calculate the greatest common divisor of 9 and 150.
3
What is the greatest common factor of 8 and 108?
4
Calculate the greatest common divisor of 418 and 2266.
22
Calculate the greatest common factor of 672 and 2583.
21
What is the highest common divisor of 242 and 22?
22
Calculate the greatest common divisor of 344 and 16.
8
What is the greatest common divisor of 18 and 27?
9
Calculate the highest common divisor of 195 and 120.
15
What is the greatest common factor of 8968 and 456?
152
What is the greatest common divisor of 15300 and 144?
36
What is the greatest common factor of 799 and 17?
17
Calculate the highest common factor of 132 and 297.
33
What is the highest common divisor of 237 and 9?
3
Calculate the highest common factor of 114 and 627.
57
What is the greatest common divisor of 3072 and 12?
12
What is the highest common divisor of 1712 and 80?
16
Calculate the highest common factor of 30792 and 24.
24
Calculate the highest common divisor of 4773 and 215.
43
Calculate the highest common divisor of 13303 and 753.
251
What is the highest common divisor of 16 and 784?
16
What is the highest common divisor of 16075 and 50?
25
What is the highest common divisor of 460 and 40?
20
What is the greatest common factor of 66 and 374?
22
Calculate the greatest common divisor of 60 and 18.
6
Calculate the highest common factor of 1590 and 30.
30
What is the highest common divisor of 27 and 4?
1
Calculate the greatest common divisor of 190 and 70.
10
Calculate the greatest common divisor of 74 and 3182.
74
What is the greatest common factor of 1 and 130?
1
What is the highest common divisor of 462 and 165?
33
What is the greatest common factor of 6600 and 24?
24
What is the greatest common divisor of 51045 and 249?
249
What is the highest common factor of 32 and 592?
16
Calculate the greatest common divisor of 119 and 51.
17
What is the greatest common factor of 63 and 86499?
63
Calculate the highest common divisor of 1694 and 968.
242
Calculate the highest common divisor of 128 and 8.
8
Calculate the highest common divisor of 1035 and 45.
45
Calculate the highest common factor of 2160 and 320.
80
Calculate the greatest common divisor of 9 and 90.
9
What is the greatest common divisor of 12 and 3756?
12
What is the highest common divisor of 250 and 625?
125
What is the highest common factor of 32 and 1744?
16
What is the highest common divisor of 133 and 8512?
133
Calculate the greatest common factor of 150 and 30.
30
Calculate the highest common divisor of 4104 and 2584.
152
What is the greatest common divisor of 81 and 18?
9
Calculate the greatest common factor of 4681 and 151.
151
Calculate the greatest common divisor of 8 and 536.
8
What is the greatest common divisor of 14656 and 16?
16
What is the highest common factor of 3337 and 94?
47
Calculate the greatest common factor of 576 and 36.
36
What is the highest common divisor of 238 and 306?
34
Calculate the greatest common divisor of 48 and 96.
48
Calculate the greatest common factor of 27 and 27.
27
What is the highest common divisor of 14 and 203?
7
What is the highest common factor of 852 and 12?
12
Calculate the greatest common divisor of 6994 and 247.
13
What is the greatest common factor of 3933 and 2223?
171
What is the greatest common divisor of 13261 and 596?
149
Calculate the highest common divisor of 120 and 160.
40
Calculate the highest common factor of 3 and 939.
3
Calculate the highest common divisor of 11 and 44.
11
Calculate the highest common factor of 187 and 22.
11
What is the highest common divisor of 105 and 42?
21
Calculate the highest common factor of 60 and 165.
15
What is the highest common divisor of 130 and 70?
10
What is the highest common factor of 504 and 7?
7
What is the greatest common factor of 16 and 292?
4
Calculate the greatest common factor of 104 and 32.
8
Calculate the greatest common divisor of 432 and 24.
24
Calculate the highest common factor of 1875 and 540.
15
Calculate the greatest common factor of 100 and 2420.
20
What is the greatest common divisor of 38 and 2432?
38
What is the greatest common factor of 32421 and 963?
321
What is the highest common divisor of 30 and 9330?
30
Calculate the greatest common divisor of 351 and 6084.
117
What is the highest common factor of 2030 and 35?
35
What is the highest common factor of 40 and 2328?
8
Calculate the greatest common factor of 24 and 2022.
6
Calculate the greatest common factor of 9 and 15.
3
Calculate the highest common divisor of 60 and 15.
15
What is the highest common divisor of 35909 and 241?
241
What is the greatest common divisor of 160 and 90?
10
Calculate the highest common divisor of 4 and 18.
2
Calculate the greatest common divisor of 6818 and 14.
14
Calculate the highest common factor of 7551 and 9.
9
What is the highest 